{"id":105908,"date":"2025-06-26T17:06:35","date_gmt":"2025-06-26T15:06:35","guid":{"rendered":"https:\/\/herbrands.de\/?page_id=105908"},"modified":"2026-02-24T17:07:42","modified_gmt":"2026-02-24T16:07:42","slug":"die-eventhalle","status":"publish","type":"page","link":"https:\/\/herbrands.de\/?page_id=105908","title":{"rendered":"Die Eventhalle"},"content":{"rendered":"\n<h2 class=\"wp-block-heading\">Industriestyle trifft Technik<\/h2>\n\n\n\n<p class=\"is-style-sydney-no-margin has-black-color has-global-color-8-background-color has-text-color has-background has-link-color has-medium-font-size wp-elements-d86fa0fa8496bc80ff7f6be501b75e58\">Nutzen Sie unsere multifunktionale Halle f\u00fcr diverse Veranstaltungen:<\/p>\n\n\n\n<p class=\"has-black-color has-global-color-8-background-color has-text-color has-background has-link-color wp-elements-ab701cc79e3c0503bf38085533fd394a\">Firmenevents, Tagungen, Hausmessen, Seminare, Konferenzen, Produktlaunch &#8211; Sprechen Sie uns an, um die gesamte Bedarfsfl\u00e4che zu ermitteln. Die &#8222;Halle Unten&#8220; kann erg\u00e4nzt werden durch &#8222;Halle Galerie&#8220; und &#8222;Halle Terrasse&#8220; oder auch Teile des Biergartens.<\/p>\n\n\n\n<div class=\"wp-block-media-text alignwide is-stacked-on-mobile\"><figure class=\"wp-block-media-text__media\"><img loading=\"lazy\" decoding=\"async\" width=\"1024\" height=\"768\" src=\"https:\/\/herbrands.de\/wp-content\/uploads\/2025\/06\/Firmenevent-Kirschbluetenfest-2-1024x768.jpeg\" alt=\"\" class=\"wp-image-105936 size-full\" srcset=\"https:\/\/herbrands.de\/wp-content\/uploads\/2025\/06\/Firmenevent-Kirschbluetenfest-2-1024x768.jpeg 1024w, https:\/\/herbrands.de\/wp-content\/uploads\/2025\/06\/Firmenevent-Kirschbluetenfest-2-300x225.jpeg 300w, https:\/\/herbrands.de\/wp-content\/uploads\/2025\/06\/Firmenevent-Kirschbluetenfest-2-768x576.jpeg 768w, https:\/\/herbrands.de\/wp-content\/uploads\/2025\/06\/Firmenevent-Kirschbluetenfest-2-200x150.jpeg 200w, https:\/\/herbrands.de\/wp-content\/uploads\/2025\/06\/Firmenevent-Kirschbluetenfest-2-1536x1152.jpeg 1536w, https:\/\/herbrands.de\/wp-content\/uploads\/2025\/06\/Firmenevent-Kirschbluetenfest-2-1000x750.jpeg 1000w, https:\/\/herbrands.de\/wp-content\/uploads\/2025\/06\/Firmenevent-Kirschbluetenfest-2-230x173.jpeg 230w, https:\/\/herbrands.de\/wp-content\/uploads\/2025\/06\/Firmenevent-Kirschbluetenfest-2-350x263.jpeg 350w, https:\/\/herbrands.de\/wp-content\/uploads\/2025\/06\/Firmenevent-Kirschbluetenfest-2-480x360.jpeg 480w, https:\/\/herbrands.de\/wp-content\/uploads\/2025\/06\/Firmenevent-Kirschbluetenfest-2.jpeg 2048w\" sizes=\"auto, (max-width: 1024px) 100vw, 1024px\" \/><\/figure><div class=\"wp-block-media-text__content\">\n<h2 class=\"wp-block-heading\">Kapazit\u00e4t Halle Unten<\/h2>\n\n\n\n<ul class=\"wp-block-list has-black-color has-global-color-8-background-color has-text-color has-background has-link-color has-medium-font-size wp-elements-6c0d0c3ef2d1d4d20156ddec8e293d74\">\n<li class=\"has-global-color-8-background-color has-background\">400m\u00b2 Fl\u00e4che<\/li>\n\n\n\n<li class=\"has-global-color-8-background-color has-background\">Gro\u00dfer Barbereich<\/li>\n\n\n\n<li class=\"has-global-color-8-background-color has-background\">Klimatisierung m\u00f6glich<\/li>\n\n\n\n<li class=\"has-global-color-8-background-color has-background\">Empfangsbereich<\/li>\n\n\n\n<li class=\"has-global-color-8-background-color has-background\">Flexible B\u00fchne<\/li>\n\n\n\n<li class=\"has-global-color-8-background-color has-background\">200 bis 800 Personen<\/li>\n<\/ul>\n<\/div><\/div>\n\n\n\n<p><\/p>\n\n\n\n<div class=\"wp-block-media-text alignwide has-media-on-the-right is-stacked-on-mobile\"><div class=\"wp-block-media-text__content\">\n<h2 class=\"wp-block-heading\">Firmenevents<\/h2>\n\n\n\n<ul class=\"wp-block-list\">\n<li class=\"has-black-color has-global-color-8-background-color has-text-color has-background has-link-color has-medium-font-size wp-elements-6bb543a7463bda6f045f294ec2d5102f\">Backstagebereich<\/li>\n\n\n\n<li class=\"has-black-color has-global-color-8-background-color has-text-color has-background has-link-color has-medium-font-size wp-elements-80fa2d081c96a4da8b5f20bde8d49db5\">Eigene Gastronomie<\/li>\n\n\n\n<li class=\"has-black-color has-global-color-8-background-color has-text-color has-background has-link-color has-medium-font-size wp-elements-b65692134b436e37b948e7f32ac62c9d\">Parkpl\u00e4tze<\/li>\n\n\n\n<li class=\"has-black-color has-global-color-8-background-color has-text-color has-background has-link-color has-medium-font-size wp-elements-32fc62b953d8e0c40d368c798ff9f15a\">LKW Zufahrt<\/li>\n\n\n\n<li class=\"has-black-color has-global-color-8-background-color has-text-color has-background has-link-color has-medium-font-size wp-elements-e54d11b01e6f62bf886de6e8b80fac9b\">Barrierefrei<\/li>\n\n\n\n<li class=\"has-black-color has-global-color-8-background-color has-text-color has-background has-link-color has-medium-font-size wp-elements-45cab9d935b41a148b6e4af49b43b8d8\">\u00d6ffentliche Verkehrsmittel<\/li>\n\n\n\n<li class=\"has-black-color has-global-color-8-background-color has-text-color has-background has-link-color has-medium-font-size wp-elements-e7f4647159d86db151eb4d4caff9fe29\">Parkhaus fu\u00dfl\u00e4ufig<\/li>\n<\/ul>\n<\/div><figure class=\"wp-block-media-text__media\"><img loading=\"lazy\" decoding=\"async\" width=\"1024\" height=\"768\" src=\"https:\/\/herbrands.de\/wp-content\/uploads\/2025\/06\/Firmenevent_2-1024x768.jpeg\" alt=\"\" class=\"wp-image-105937 size-full\" srcset=\"https:\/\/herbrands.de\/wp-content\/uploads\/2025\/06\/Firmenevent_2-1024x768.jpeg 1024w, https:\/\/herbrands.de\/wp-content\/uploads\/2025\/06\/Firmenevent_2-300x225.jpeg 300w, https:\/\/herbrands.de\/wp-content\/uploads\/2025\/06\/Firmenevent_2-768x576.jpeg 768w, https:\/\/herbrands.de\/wp-content\/uploads\/2025\/06\/Firmenevent_2-200x150.jpeg 200w, https:\/\/herbrands.de\/wp-content\/uploads\/2025\/06\/Firmenevent_2-1536x1152.jpeg 1536w, https:\/\/herbrands.de\/wp-content\/uploads\/2025\/06\/Firmenevent_2-1000x750.jpeg 1000w, https:\/\/herbrands.de\/wp-content\/uploads\/2025\/06\/Firmenevent_2-230x173.jpeg 230w, https:\/\/herbrands.de\/wp-content\/uploads\/2025\/06\/Firmenevent_2-350x263.jpeg 350w, https:\/\/herbrands.de\/wp-content\/uploads\/2025\/06\/Firmenevent_2-480x360.jpeg 480w, https:\/\/herbrands.de\/wp-content\/uploads\/2025\/06\/Firmenevent_2.jpeg 2048w\" sizes=\"auto, (max-width: 1024px) 100vw, 1024px\" \/><\/figure><\/div>\n\n\n\n<div class=\"wp-block-media-text alignwide is-stacked-on-mobile\"><figure class=\"wp-block-media-text__media\"><img loading=\"lazy\" decoding=\"async\" width=\"1024\" height=\"683\" src=\"https:\/\/herbrands.de\/wp-content\/uploads\/2025\/12\/Event_Wundermacher-4-1024x683.jpeg\" alt=\"\" class=\"wp-image-113102 size-full\" srcset=\"https:\/\/herbrands.de\/wp-content\/uploads\/2025\/12\/Event_Wundermacher-4-1024x683.jpeg 1024w, https:\/\/herbrands.de\/wp-content\/uploads\/2025\/12\/Event_Wundermacher-4-300x200.jpeg 300w, https:\/\/herbrands.de\/wp-content\/uploads\/2025\/12\/Event_Wundermacher-4-768x512.jpeg 768w, https:\/\/herbrands.de\/wp-content\/uploads\/2025\/12\/Event_Wundermacher-4-200x133.jpeg 200w, https:\/\/herbrands.de\/wp-content\/uploads\/2025\/12\/Event_Wundermacher-4-1536x1024.jpeg 1536w, https:\/\/herbrands.de\/wp-content\/uploads\/2025\/12\/Event_Wundermacher-4-1000x667.jpeg 1000w, https:\/\/herbrands.de\/wp-content\/uploads\/2025\/12\/Event_Wundermacher-4-230x153.jpeg 230w, https:\/\/herbrands.de\/wp-content\/uploads\/2025\/12\/Event_Wundermacher-4-350x233.jpeg 350w, https:\/\/herbrands.de\/wp-content\/uploads\/2025\/12\/Event_Wundermacher-4-480x320.jpeg 480w, https:\/\/herbrands.de\/wp-content\/uploads\/2025\/12\/Event_Wundermacher-4.jpeg 1875w\" sizes=\"auto, (max-width: 1024px) 100vw, 1024px\" \/><\/figure><div class=\"wp-block-media-text__content\">\n<h2 class=\"wp-block-heading\">Tagungen<\/h2>\n\n\n\n<p class=\"has-black-color has-global-color-8-background-color has-text-color has-background has-link-color wp-elements-d628a87be9ed59eb6c4f65df9dd19735\">Wir haben ein separates WLAN-Netzwerk \u00fcber den gesamten Campus gespannt. Es k\u00f6nnen Arbeitsgruppen in anderen Areas gebildet werden und die Daten zentral koordiniert werden. Die Technik dahinter sind 10G LAN-Switche kombiniert mit 6 AccessPoints im Campus umspannenden WLAN-Netz mit WiFi6.<\/p>\n<\/div><\/div>\n\n\n\n<div class=\"wp-block-media-text alignwide has-media-on-the-right is-stacked-on-mobile\"><div class=\"wp-block-media-text__content\">\n<h2 class=\"wp-block-heading\">Konferenzen<\/h2>\n\n\n\n<ul class=\"wp-block-list\">\n<li class=\"has-black-color has-global-color-8-background-color has-text-color has-background has-link-color has-medium-font-size wp-elements-97ca45749a7bfd82f536562fc50136f9\">B\u00fchnentechnik f\u00fcr Vortr\u00e4ge<\/li>\n\n\n\n<li class=\"has-black-color has-global-color-8-background-color has-text-color has-background has-link-color has-medium-font-size wp-elements-5dc3fd6ea2df12d7b814367a6f7ec802\">Beamer und Leinwand<\/li>\n\n\n\n<li class=\"has-black-color has-global-color-8-background-color has-text-color has-background has-link-color has-medium-font-size wp-elements-9dd264e7367e4699f7cf18af445dd95f\">Digital Signage auf diversen Bildschirmen f\u00fcr Agenda und Begleitinformationen<\/li>\n\n\n\n<li class=\"has-black-color has-global-color-8-background-color has-text-color has-background has-link-color has-medium-font-size wp-elements-897250a04e474786dfdff5d553e0b475\">Tonanlage f\u00fcr DJ und Pr\u00e4sentation<\/li>\n\n\n\n<li class=\"has-black-color has-global-color-8-background-color has-text-color has-background has-link-color has-medium-font-size wp-elements-a9e8c32ee365e8811bac07eb24d27524\">Lichtanlage mit Spiegelkugel und Laser<\/li>\n<\/ul>\n<\/div><figure class=\"wp-block-media-text__media\"><img loading=\"lazy\" decoding=\"async\" width=\"768\" height=\"1024\" src=\"https:\/\/herbrands.de\/wp-content\/uploads\/2025\/06\/Halle_Tagung2-768x1024.jpg\" alt=\"\" class=\"wp-image-105960 size-full\" srcset=\"https:\/\/herbrands.de\/wp-content\/uploads\/2025\/06\/Halle_Tagung2-768x1024.jpg 768w, https:\/\/herbrands.de\/wp-content\/uploads\/2025\/06\/Halle_Tagung2-225x300.jpg 225w, https:\/\/herbrands.de\/wp-content\/uploads\/2025\/06\/Halle_Tagung2-150x200.jpg 150w, https:\/\/herbrands.de\/wp-content\/uploads\/2025\/06\/Halle_Tagung2-1152x1536.jpg 1152w, https:\/\/herbrands.de\/wp-content\/uploads\/2025\/06\/Halle_Tagung2-1000x1333.jpg 1000w, https:\/\/herbrands.de\/wp-content\/uploads\/2025\/06\/Halle_Tagung2-230x307.jpg 230w, https:\/\/herbrands.de\/wp-content\/uploads\/2025\/06\/Halle_Tagung2-350x467.jpg 350w, https:\/\/herbrands.de\/wp-content\/uploads\/2025\/06\/Halle_Tagung2-480x640.jpg 480w, https:\/\/herbrands.de\/wp-content\/uploads\/2025\/06\/Halle_Tagung2-rotated.jpg 1512w\" sizes=\"auto, (max-width: 768px) 100vw, 768px\" \/><\/figure><\/div>\n\n\n\n<div class=\"wp-block-media-text alignwide is-stacked-on-mobile\"><figure class=\"wp-block-media-text__media\"><img loading=\"lazy\" decoding=\"async\" width=\"1024\" height=\"683\" src=\"https:\/\/herbrands.de\/wp-content\/uploads\/2025\/12\/Event-Wundermacher-5-1-1024x683.jpeg\" alt=\"\" class=\"wp-image-113100 size-full\" srcset=\"https:\/\/herbrands.de\/wp-content\/uploads\/2025\/12\/Event-Wundermacher-5-1-1024x683.jpeg 1024w, https:\/\/herbrands.de\/wp-content\/uploads\/2025\/12\/Event-Wundermacher-5-1-300x200.jpeg 300w, https:\/\/herbrands.de\/wp-content\/uploads\/2025\/12\/Event-Wundermacher-5-1-768x512.jpeg 768w, https:\/\/herbrands.de\/wp-content\/uploads\/2025\/12\/Event-Wundermacher-5-1-200x133.jpeg 200w, https:\/\/herbrands.de\/wp-content\/uploads\/2025\/12\/Event-Wundermacher-5-1-1536x1024.jpeg 1536w, https:\/\/herbrands.de\/wp-content\/uploads\/2025\/12\/Event-Wundermacher-5-1-1000x667.jpeg 1000w, https:\/\/herbrands.de\/wp-content\/uploads\/2025\/12\/Event-Wundermacher-5-1-230x153.jpeg 230w, https:\/\/herbrands.de\/wp-content\/uploads\/2025\/12\/Event-Wundermacher-5-1-350x233.jpeg 350w, https:\/\/herbrands.de\/wp-content\/uploads\/2025\/12\/Event-Wundermacher-5-1-480x320.jpeg 480w, https:\/\/herbrands.de\/wp-content\/uploads\/2025\/12\/Event-Wundermacher-5-1.jpeg 1875w\" sizes=\"auto, (max-width: 1024px) 100vw, 1024px\" \/><\/figure><div class=\"wp-block-media-text__content\">\n<h2 class=\"wp-block-heading\">Produktlaunch<\/h2>\n\n\n\n<p class=\"has-black-color has-global-color-8-background-color has-text-color has-background has-link-color wp-elements-fef3ff8fc9dca9d8147a864a63a48fe1\">Streamen Sie einen Produktlaunch mit anschlie\u00dfender Party \u00fcber unseren Glasfaseranschluss ins Netz. Derzeit sind wir mit 1000\/250 MBits angeschlossen und k\u00f6nnen unseren Veranstaltern eine stabile und exklusive Bandbreite bis zu 800\/200 MBits anbieten. Das ist ideal f\u00fcr ein Abendprogramm, wenn Sie auf der K\u00f6lner Messe ausstellen.<\/p>\n<\/div><\/div>\n\n\n\n<div class=\"wp-block-media-text alignwide has-media-on-the-right is-stacked-on-mobile\"><div class=\"wp-block-media-text__content\">\n<h2 class=\"wp-block-heading\">Halle Galerie<\/h2>\n\n\n\n<ul class=\"wp-block-list\">\n<li class=\"has-black-color has-global-color-8-background-color has-text-color has-background has-link-color has-medium-font-size wp-elements-7aaa33d19d887960cd16ea68a35729c2\">85 m\u00b2 Fl\u00e4che<\/li>\n\n\n\n<li class=\"has-black-color has-global-color-8-background-color has-text-color has-background has-link-color has-medium-font-size wp-elements-9d4178d39c60d6f767447f63583ce0c2\">Eigene kleine Bar<\/li>\n<\/ul>\n<\/div><figure class=\"wp-block-media-text__media\"><img loading=\"lazy\" decoding=\"async\" width=\"1024\" height=\"683\" src=\"https:\/\/herbrands.de\/wp-content\/uploads\/2025\/06\/Herbrands_Galerie_innen_2-1024x683.jpg\" alt=\"\" class=\"wp-image-106018 size-full\" srcset=\"https:\/\/herbrands.de\/wp-content\/uploads\/2025\/06\/Herbrands_Galerie_innen_2-1024x683.jpg 1024w, https:\/\/herbrands.de\/wp-content\/uploads\/2025\/06\/Herbrands_Galerie_innen_2-300x200.jpg 300w, https:\/\/herbrands.de\/wp-content\/uploads\/2025\/06\/Herbrands_Galerie_innen_2-768x512.jpg 768w, https:\/\/herbrands.de\/wp-content\/uploads\/2025\/06\/Herbrands_Galerie_innen_2-200x133.jpg 200w, https:\/\/herbrands.de\/wp-content\/uploads\/2025\/06\/Herbrands_Galerie_innen_2-1536x1024.jpg 1536w, https:\/\/herbrands.de\/wp-content\/uploads\/2025\/06\/Herbrands_Galerie_innen_2-1000x667.jpg 1000w, https:\/\/herbrands.de\/wp-content\/uploads\/2025\/06\/Herbrands_Galerie_innen_2-230x153.jpg 230w, https:\/\/herbrands.de\/wp-content\/uploads\/2025\/06\/Herbrands_Galerie_innen_2-350x233.jpg 350w, https:\/\/herbrands.de\/wp-content\/uploads\/2025\/06\/Herbrands_Galerie_innen_2-480x320.jpg 480w, https:\/\/herbrands.de\/wp-content\/uploads\/2025\/06\/Herbrands_Galerie_innen_2.jpg 1824w\" sizes=\"auto, (max-width: 1024px) 100vw, 1024px\" \/><\/figure><\/div>\n\n\n\n<div class=\"wp-block-media-text alignwide is-stacked-on-mobile\"><figure class=\"wp-block-media-text__media\"><img loading=\"lazy\" decoding=\"async\" width=\"1024\" height=\"683\" src=\"https:\/\/herbrands.de\/wp-content\/uploads\/2025\/06\/Herbrands_Galerie_aussen-1024x683.jpg\" alt=\"\" class=\"wp-image-106026 size-full\" srcset=\"https:\/\/herbrands.de\/wp-content\/uploads\/2025\/06\/Herbrands_Galerie_aussen-1024x683.jpg 1024w, https:\/\/herbrands.de\/wp-content\/uploads\/2025\/06\/Herbrands_Galerie_aussen-300x200.jpg 300w, https:\/\/herbrands.de\/wp-content\/uploads\/2025\/06\/Herbrands_Galerie_aussen-768x512.jpg 768w, https:\/\/herbrands.de\/wp-content\/uploads\/2025\/06\/Herbrands_Galerie_aussen-200x133.jpg 200w, https:\/\/herbrands.de\/wp-content\/uploads\/2025\/06\/Herbrands_Galerie_aussen-1536x1024.jpg 1536w, https:\/\/herbrands.de\/wp-content\/uploads\/2025\/06\/Herbrands_Galerie_aussen-2048x1365.jpg 2048w, https:\/\/herbrands.de\/wp-content\/uploads\/2025\/06\/Herbrands_Galerie_aussen-1000x667.jpg 1000w, https:\/\/herbrands.de\/wp-content\/uploads\/2025\/06\/Herbrands_Galerie_aussen-230x153.jpg 230w, https:\/\/herbrands.de\/wp-content\/uploads\/2025\/06\/Herbrands_Galerie_aussen-350x233.jpg 350w, https:\/\/herbrands.de\/wp-content\/uploads\/2025\/06\/Herbrands_Galerie_aussen-480x320.jpg 480w\" sizes=\"auto, (max-width: 1024px) 100vw, 1024px\" \/><\/figure><div class=\"wp-block-media-text__content\">\n<h2 class=\"wp-block-heading\">Halle Terrasse<\/h2>\n\n\n\n<ul class=\"wp-block-list\">\n<li class=\"has-black-color has-global-color-8-background-color has-text-color has-background has-link-color has-medium-font-size wp-elements-b05aaa18666ccb3429dbc2a6b58206e0\">200 m\u00b2 Fl\u00e4che<\/li>\n\n\n\n<li class=\"has-black-color has-global-color-8-background-color has-text-color has-background has-link-color has-medium-font-size wp-elements-dbdc9479cce1d1d9024583a081cef31b\">25m Markise zur kompletten Mobilen \u00dcberdachung &amp; Schiebefenster<\/li>\n\n\n\n<li class=\"has-black-color has-global-color-8-background-color has-text-color has-background has-link-color has-medium-font-size wp-elements-2c3ec306803abaf7a6b5c3ea3ec715f9\">Integrierte Beleuchtung und Heizstrahler<\/li>\n<\/ul>\n<\/div><\/div>\n\n\n\n<div class=\"wp-block-media-text alignwide has-media-on-the-right is-stacked-on-mobile\"><div class=\"wp-block-media-text__content\">\n<p class=\"\/* Beispielklasse: .link-rot *\/ a, a:visited { color: red !important; text-decoration: none; } a:hover, a:focus #cc0000 underline; a:active #990000 has-black-color has-global-color-8-background-color has-text-color has-background has-link-color wp-elements-64b19cc90b13dd345a41a9bf239a8e0b\">Sprechen Sie uns an: 0221-9541656. Das Veranstaltungs- \/ Eventb\u00fcro ist werktags in den Kernzeiten von 10:00 &#8211; 16:00 Uhr mit einem kompetenten Ansprechpartner besetzt. Sie k\u00f6nnen gerne unser <a href=\"https:\/\/herbrands.de\/?page_id=112820\">Kontaktformular <\/a>nutzen und wir rufen Sie zur\u00fcck.<\/p>\n\n\n\n<h6 class=\"wp-block-heading has-black-color has-global-color-8-background-color has-text-color has-background has-link-color wp-elements-4b5399639d9e74bc8bf3a3aa2b481ec0\"><a href=\"https:\/\/herbrands.de\/downloads\/Datenblatt_Herbrands_Halle.pdf\" target=\"_blank\" rel=\"noreferrer noopener\">Datenblatt als PDF<\/a><\/h6>\n\n\n\n<h6 class=\"wp-block-heading has-black-color has-global-color-8-background-color has-text-color has-background has-link-color wp-elements-7de617224d50837259a338f06169bfc6\"><a href=\"https:\/\/herbrands.de\/downloads\/Locationbrochuere_Herbrands.pdf\" target=\"_blank\" rel=\"noreferrer noopener\">Download HERBRAND\u2019s Locationbrosch\u00fcre<\/a><\/h6>\n\n\n\n<h6 class=\"wp-block-heading has-black-color has-global-color-8-background-color has-text-color has-background has-link-color wp-elements-d3e6e4b5364acdb53f339d85963f7cd9\"><a href=\"https:\/\/herbrands.de\/wp-content\/uploads\/2017\/12\/Herbrands_Location\u00fcbersicht.pdf\" target=\"_blank\" rel=\"noreferrer noopener\">Download Location\u00fcbersicht<\/a><\/h6>\n<\/div><figure class=\"wp-block-media-text__media\"><\/figure><\/div>\n\n\n\n<p><\/p>\n","protected":false},"excerpt":{"rendered":"<p>Industriestyle trifft Technik Nutzen Sie unsere multifunktionale Halle f\u00fcr diverse Veranstaltungen: Firmenevents, Tagungen, Hausmessen, Seminare, Konferenzen, Produktlaunch &#8211; Sprechen Sie uns an, [&hellip;]<\/p>\n","protected":false},"author":1,"featured_media":0,"parent":0,"menu_order":0,"comment_status":"closed","ping_status":"closed","template":"page-templates\/page_fullwidth.php","meta":{"footnotes":""},"class_list":["post-105908","page","type-page","status-publish","hentry"],"_links":{"self":[{"href":"https:\/\/herbrands.de\/index.php?rest_route=\/wp\/v2\/pages\/105908","targetHints":{"allow":["GET"]}}],"collection":[{"href":"https:\/\/herbrands.de\/index.php?rest_route=\/wp\/v2\/pages"}],"about":[{"href":"https:\/\/herbrands.de\/index.php?rest_route=\/wp\/v2\/types\/page"}],"author":[{"embeddable":true,"href":"https:\/\/herbrands.de\/index.php?rest_route=\/wp\/v2\/users\/1"}],"replies":[{"embeddable":true,"href":"https:\/\/herbrands.de\/index.php?rest_route=%2Fwp%2Fv2%2Fcomments&post=105908"}],"version-history":[{"count":82,"href":"https:\/\/herbrands.de\/index.php?rest_route=\/wp\/v2\/pages\/105908\/revisions"}],"predecessor-version":[{"id":114528,"href":"https:\/\/herbrands.de\/index.php?rest_route=\/wp\/v2\/pages\/105908\/revisions\/114528"}],"wp:attachment":[{"href":"https:\/\/herbrands.de\/index.php?rest_route=%2Fwp%2Fv2%2Fmedia&parent=105908"}],"curies":[{"name":"wp","href":"https:\/\/api.w.org\/{rel}","templated":true}]}}