{"id":5686,"date":"2018-09-05T14:00:26","date_gmt":"2018-09-05T12:00:26","guid":{"rendered":"https:\/\/herbrands.de\/?page_id=5686"},"modified":"2018-09-06T14:34:14","modified_gmt":"2018-09-06T12:34:14","slug":"lets-rock-1-und-3-freitag-im-monat","status":"publish","type":"page","link":"https:\/\/herbrands.de\/?page_id=5686","title":{"rendered":"Let\u00b4s Rock &#8211; 1. und 3. Freitag im Monat"},"content":{"rendered":"<p><strong><em>Die Party zum Abrocken mit DJ Tarabas und DJ Miles Persis \/ jeden 1. und 3. Freitag im Monat<\/em><br \/>\n<\/strong>F\u00fcr alle, deren Herz und Fu\u00df f\u00fcr den Rock schl\u00e4gt, gibt es jeweils am 1. und 3. Freitag jeden Monats im Herbrand\u00b4s Club viel Gitarre und Gesang. Alles von Punk, Rock, Indie bis Britpop und Alternative, wie The Strokes, Kings of Leon, The Subways, Mando Diao, Wolfmother, The White Stripes und Franz Ferdinand.<\/p>\n<p><img loading=\"lazy\" decoding=\"async\" class=\"\" src=\"https:\/\/herbrands.de\/wp-content\/uploads\/2018\/09\/Flyer-Lets-Rock.jpg\" width=\"500\" height=\"811\" \/><\/p>\n","protected":false},"excerpt":{"rendered":"<p>Die Party zum Abrocken mit DJ Tarabas und DJ Miles Persis \/ jeden 1. und 3. Freitag im Monat F\u00fcr alle, deren [&hellip;]<\/p>\n","protected":false},"author":2,"featured_media":0,"parent":0,"menu_order":0,"comment_status":"closed","ping_status":"closed","template":"","meta":{"footnotes":""},"class_list":["post-5686","page","type-page","status-publish","hentry"],"_links":{"self":[{"href":"https:\/\/herbrands.de\/index.php?rest_route=\/wp\/v2\/pages\/5686","targetHints":{"allow":["GET"]}}],"collection":[{"href":"https:\/\/herbrands.de\/index.php?rest_route=\/wp\/v2\/pages"}],"about":[{"href":"https:\/\/herbrands.de\/index.php?rest_route=\/wp\/v2\/types\/page"}],"author":[{"embeddable":true,"href":"https:\/\/herbrands.de\/index.php?rest_route=\/wp\/v2\/users\/2"}],"replies":[{"embeddable":true,"href":"https:\/\/herbrands.de\/index.php?rest_route=%2Fwp%2Fv2%2Fcomments&post=5686"}],"version-history":[{"count":2,"href":"https:\/\/herbrands.de\/index.php?rest_route=\/wp\/v2\/pages\/5686\/revisions"}],"predecessor-version":[{"id":5730,"href":"https:\/\/herbrands.de\/index.php?rest_route=\/wp\/v2\/pages\/5686\/revisions\/5730"}],"wp:attachment":[{"href":"https:\/\/herbrands.de\/index.php?rest_route=%2Fwp%2Fv2%2Fmedia&parent=5686"}],"curies":[{"name":"wp","href":"https:\/\/api.w.org\/{rel}","templated":true}]}}